{"id":1849,"date":"2014-01-15T19:06:44","date_gmt":"2014-01-15T17:06:44","guid":{"rendered":"http:\/\/www.gasilci-vir.si\/?page_id=1849"},"modified":"2014-03-18T15:45:24","modified_gmt":"2014-03-18T13:45:24","slug":"koristne-povezave","status":"publish","type":"page","link":"http:\/\/www.gasilci-vir.si\/?page_id=1849","title":{"rendered":"Koristne povezave"},"content":{"rendered":"<p>\n\t<a href=\"http:\/\/www.gasilec.net\/uploads\/datoteke\/Nevarnosti%20nastanka%20ogljikovega%20monoksida%20pri%20delovanju%20elektri%C4%8Dnih%20agregatov.pdf\">NAVODILA ZA ROKOVANJE IN DELO Z AGREGATOM<\/a>\n<\/p>\n<p>\n\t<a href=\"http:\/\/www.cpv-domzale.si\/\">CENTER PO\u017dARNE VARNOSTI KOLI\u010cEVO<\/a>\n<\/p>\n<p>\n\t<a href=\"http:\/\/www.arso.gov.si\/vode\/podatki\/stanje_voda_samodejne.html\">NIVO SLOVENSKIH VODA<\/a>\n<\/p>\n<p>\n\t<a href=\"http:\/\/www.meteoalarm.eu\/index2.php?lang=sl_SI&amp;country=SI&amp;day=0\">METEOALARM<\/a>\n<\/p>\n<p>\n\t<a href=\"http:\/\/meteo.arso.gov.si\/met\/sl\/warning\/fire\/\">PO\u017dARNA OGRO\u017dENOST<\/a>\n<\/p>\n<p>\n\t<a href=\"http:\/\/www.gasilci.org\/\">GASILCI.ORG<\/a>\n<\/p>\n<p>\n\t<a href=\"http:\/\/geopedia.si\/?params=T1025_vT_b4_x463783_y101451_s13#T1025_x470759_y111435_s13_b4\">LOKACIJE AED-jev PO SLOVENIJI<\/a>\n<\/p>\n<p>\n\t<a href=\"http:\/\/www.flightradar24.com\/46,15\/7\">LETALSKI RADAR<\/a><\/p>\n","protected":false},"excerpt":{"rendered":"<p>NAVODILA ZA ROKOVANJE IN DELO Z AGREGATOM CENTER PO\u017dARNE VARNOSTI KOLI\u010cEVO NIVO SLOVENSKIH VODA METEOALARM PO\u017dARNA OGRO\u017dENOST GASILCI.ORG LOKACIJE AED-jev PO SLOVENIJI LETALSKI RADAR<\/p>\n","protected":false},"author":4,"featured_media":0,"parent":0,"menu_order":0,"comment_status":"open","ping_status":"closed","template":"","meta":{"ngg_post_thumbnail":0},"post_mailing_queue_ids":[],"_links":{"self":[{"href":"http:\/\/www.gasilci-vir.si\/index.php?rest_route=\/wp\/v2\/pages\/1849"}],"collection":[{"href":"http:\/\/www.gasilci-vir.si\/index.php?rest_route=\/wp\/v2\/pages"}],"about":[{"href":"http:\/\/www.gasilci-vir.si\/index.php?rest_route=\/wp\/v2\/types\/page"}],"author":[{"embeddable":true,"href":"http:\/\/www.gasilci-vir.si\/index.php?rest_route=\/wp\/v2\/users\/4"}],"replies":[{"embeddable":true,"href":"http:\/\/www.gasilci-vir.si\/index.php?rest_route=%2Fwp%2Fv2%2Fcomments&post=1849"}],"version-history":[{"count":7,"href":"http:\/\/www.gasilci-vir.si\/index.php?rest_route=\/wp\/v2\/pages\/1849\/revisions"}],"predecessor-version":[{"id":2479,"href":"http:\/\/www.gasilci-vir.si\/index.php?rest_route=\/wp\/v2\/pages\/1849\/revisions\/2479"}],"wp:attachment":[{"href":"http:\/\/www.gasilci-vir.si\/index.php?rest_route=%2Fwp%2Fv2%2Fmedia&parent=1849"}],"curies":[{"name":"wp","href":"https:\/\/api.w.org\/{rel}","templated":true}]}}