{"id":2198,"date":"2014-02-12T08:37:38","date_gmt":"2014-02-12T06:37:38","guid":{"rendered":"http:\/\/www.gasilci-vir.si\/?page_id=2198"},"modified":"2014-02-17T10:31:11","modified_gmt":"2014-02-17T08:31:11","slug":"zapisnik-seje-uo-februar-2014","status":"publish","type":"page","link":"http:\/\/www.gasilci-vir.si\/?page_id=2198","title":{"rendered":"Zapisnik UO februar 2014"},"content":{"rendered":"<p>\n\t<strong>PROSTOVOLJNO GASILSKO<\/strong>\n<\/p>\n<p>\n\t<strong>DRU&Scaron;TVO VIR<\/strong>\n<\/p>\n<p>\n\tVir, &Scaron;aranovi\u010deva caste 19\n<\/p>\n<p>\n\t1230 DOM\u017dALE\n<\/p>\n<p>\n\t&nbsp;\n<\/p>\n<p>\n\t&nbsp;\n<\/p>\n<p align=\"center\">\n\tZAPISNIK\n<\/p>\n<p>\n\t&nbsp;\n<\/p>\n<p>\n\t02.redne seje Upravnega odbora Prostovoljnega gasilskega dru&scaron;tva Vir, ki je bila 04.02.2014 ob 19.00 uri v sejni sobi PGD VIR, &Scaron;aranovi\u010deva cesta 19.\n<\/p>\n<p>\n\t&nbsp;\n<\/p>\n<p>\n\tNAVZO\u010cI: Alojz Limoni, &Scaron;pela Hribar, Marija Medle, Zvone &Scaron;karja (predsednik NO), Miha Peterka, Marjan Furlan, Marija Hribar, Vinko Zalokar\n<\/p>\n<p>\n\t&nbsp;\n<\/p>\n<p>\n\tOSTALI NAVZO\u010cI: Damir Pirc (Vodja PP)\n<\/p>\n<p>\n\t&nbsp;\n<\/p>\n<p>\n\tOPRAVI\u010cENO ODSOTNI: &nbsp;Sebastjan Hribar, Martin Mahkota, Tatjana Rokavec, Drago Mrdjenovi\u010d, Alenka Paternost Pirc, Bo&scaron;tjan Merela, Matja\u017e Jurjevec\n<\/p>\n<p>\n\t&nbsp;\n<\/p>\n<p>\n\t<strong>Dnevni red:<\/strong>\n<\/p>\n<p>\n\t<strong>1. Pregled in potrditev zapisnika 01. redne seje UO z dne&nbsp; 14.01.2014<\/strong>\n<\/p>\n<p>\n\t<strong>2. Poro\u010dilo poveljnika&nbsp; za mesec januar 2014<\/strong>\n<\/p>\n<p>\n\t<strong>3. Poro\u010dilo predsednika komisije za mladino za mesec januar 2014<\/strong>\n<\/p>\n<p>\n\t<strong>4. Poro\u010dilo predsednice komisije za \u017eene za mesec januar 2014<\/strong>\n<\/p>\n<p>\n\t<strong>5. Poro\u010dilo vodje&nbsp; PP za mesec januar 2014<\/strong>\n<\/p>\n<p>\n\t<strong>6 .Pregled prispele po&scaron;te<\/strong>\n<\/p>\n<p>\n\t<strong>7. Plan dela za mesec februar 2014<\/strong>\n<\/p>\n<p>\n\t<strong>8. Priprava na 92. Ob\u010dni zbor PGD Vir<\/strong>\n<\/p>\n<p>\n\t<strong>9. Obravnava plana dela PGD Vir za leto 2014<\/strong>\n<\/p>\n<p>\n\t<strong>10.Obravnava finan\u010dnega plana PGD Vir za leto 2014<\/strong>\n<\/p>\n<p>\n\t<strong>11. Razno<\/strong>\n<\/p>\n<p>\n\t&nbsp;\n<\/p>\n<p>\n\t<strong>AD 1\/ &nbsp;PREGLED IN POTRDITEV ZAPISNIKA 01. REDNE SEJE UO Z DNE 14.01.2014<\/strong>\n<\/p>\n<p>\n\t&nbsp;\n<\/p>\n<p>\n\tSejo je zaradi odsodtnosti predsednice vodil podpredsednik Miha Peterka, ki je prebrala zapisnik 01. redne seje UO&nbsp; PGD VIR. Na zapisnik ni bilo pripomb. Sprejet je bil sklep:\n<\/p>\n<p>\n\t&nbsp;\n<\/p>\n<ul>\n<li>\n\t\t<strong><u>Sklep &scaron;t. 02.1. <\/u><\/strong><strong>Sprejme in potrdi se zapisnik 01. redne seje UO z dne 14.01.2014<\/strong>\n\t<\/li>\n<\/ul>\n<p style=\"margin-left: 42.55pt;\">\n\t&nbsp;\n<\/p>\n<p>\n\t<strong>AD 2\/ PORO\u010cILO POVELJNIKA ZA MESEC JANUAR &nbsp;2014<\/strong>\n<\/p>\n<p>\n\t&nbsp;\n<\/p>\n<p>\n\tPoveljnika Bo&scaron;tjana Merele ni bilo na seji, zato je proo\u010dilo prebral podpredsednik Miha Petrka. V mesecu januarju smo izvedli redni tehni\u010dni dan, o\u010distili vozila, ispraznili kartice iz tahografa, ter poskrbeli za oskrbo in preverjanje ipreme. Prav tako smo v mesecu januarju za\u010deli z izvedbo osnovnega te\u010daja za gasilca. Sprejet je bil sklep\n<\/p>\n<p>\n\t&nbsp;\n<\/p>\n<ul>\n<li>\n\t\t<strong><u>Sklep &scaron;t. 02.2.<\/u><\/strong><strong>Sprejme in potrdi se poro\u010dilo poveljnika za mesec januar 2014<\/strong>\n\t<\/li>\n<li>\n\t\t&nbsp;\n\t<\/li>\n<\/ul>\n<p style=\"margin-left: 7.05pt;\">\n\t&nbsp;\n<\/p>\n<p>\n\t<strong>AD 3\/ PORO\u010cILO PREDSEDNIKA KOMISIJE ZA MLADINO ZA MESEC JANUAR 2014<\/strong>\n<\/p>\n<p>\n\t&nbsp;\n<\/p>\n<p>\n\tPredsednice&nbsp; komisije za mladino Tatjane &nbsp;Rokavec ni bilo na seji, prav tako poro\u010dila ni pravo\u010dasno posredovala tajnici,da bi ga obravnavali na 02. seji. Sprejet je bil sklep\n<\/p>\n<p style=\"margin-left: 42.55pt;\">\n\t&nbsp;\n<\/p>\n<ul>\n<li>\n\t\t<strong><u>Sklep &scaron;t. 02.3<\/u><\/strong><strong> Predsednica komisije za mladino dostavi poro\u010dilo komisije za mesec januar in ostala mankajo\u010da poro\u010dila tajnici dru&scaron;tva. <\/strong>\n\t<\/li>\n<\/ul>\n<p style=\"margin-left: 36pt;\">\n\t&nbsp;\n<\/p>\n<p style=\"margin-left: 2cm;\">\n\t&nbsp;\n<\/p>\n<p>\n\t<strong>AD 4\/ PORO\u010cILO PREDSEDNICE KOMISIJE ZA \u017dENE ZA MESEC JANUAR &nbsp;2014<\/strong>\n<\/p>\n<p>\n\t&nbsp;\n<\/p>\n<p>\n\tPredsednica komisije za \u017eene Marija Hribar je prebrala poro\u010dilo za mesec januar. \u010clanice so sodelovale na vseh rednih aktivnostih v okviru dru&scaron;tva, samostojnih aktivnosti , pa niso imele. Na poro\u010dilo ni bilo pripomb. Sprejet je bil sklep.\n<\/p>\n<p style=\"margin-left: 42.55pt;\">\n\t&nbsp;\n<\/p>\n<ul>\n<li>\n\t\t<strong><u>Sklep &scaron;t. 02.4<\/u><\/strong><strong>. Sprejme in potrdi se poro\u010dilo komisije za \u017eene za mesec januar 2014<\/strong>\n\t<\/li>\n<\/ul>\n<p style=\"margin-left: 53.4pt;\">\n\t&nbsp;\n<\/p>\n<p style=\"margin-left: 53.4pt;\">\n\t&nbsp;\n<\/p>\n<p>\n\t<strong>AD 5\/ PORO\u010cILO VODJE ENOTE ZA PRVO POMO\u010c ZA MESEC JANUAR 2014<\/strong>\n<\/p>\n<p>\n\t&nbsp;\n<\/p>\n<p>\n\tVodja prve pomo\u010di Damir Pirc je povedal, da ekipa prve pomo\u010di samostojnih aktivnosti ni imela, je pa sodelovala na vseh rednih aktivnostih v okviru dru&scaron;tva. Sprejet je bil sklep\n<\/p>\n<p>\n\t&nbsp;\n<\/p>\n<ul>\n<li>\n\t\t<strong><u>Sklep &scaron;t. 02.5 <\/u><\/strong><strong>Sprejme se poro\u010dilo enote&nbsp; za PP za mesec januar 2014 <\/strong>\n\t<\/li>\n<\/ul>\n<p style=\"margin-left: 53.4pt;\">\n\t&nbsp;\n<\/p>\n<p>\n\t&nbsp;\n<\/p>\n<p>\n\t<strong>AD 6\/ PREGLED PRISPELE PO&Scaron;TE<\/strong>\n<\/p>\n<p>\n\t&nbsp;\n<\/p>\n<p>\n\tV dru&scaron;tvo je prispelo 24 dopisov<strong>. <\/strong>Dopisi so bili redno po e-po&scaron;ti posredovani predsedniku, poveljniku in blagajni\u010darki dru&scaron;tva. Originalni ra\u010duni so bili dostavljeni blagajni\u010darki. Vse potrebne aktivnosti so bile izpeljane ali so v teku.\n<\/p>\n<p>\n\t&nbsp;\n<\/p>\n<p style=\"margin-left: 21.3pt;\">\n\t6.1. Prispel je &nbsp;ra\u010dun &scaron;t. 33175903 podjetja PRODNIK Javno komunalno podjetje, Savska 34, Dom\u017eale,&nbsp; za porabo vode v vi&scaron;ini 18, 62 Eur.\n<\/p>\n<p style=\"margin-left: 1cm;\">\n\t&nbsp;\n<\/p>\n<ul>\n<li>\n\t\t<strong><u>Sklep &scaron;t. 02.6.1 <\/u><\/strong><strong>Blagajni\u010darka poravna ra\u010dun &scaron;t. 33175903 v vi&scaron;ini 18, 62EUR, za mese\u010dne stro&scaron;ke porabe vode.<\/strong>\n\t<\/li>\n<\/ul>\n<p style=\"margin-left: 46.35pt;\">\n\t&nbsp;\n<\/p>\n<p>\n\t6.2. Podjetje Kam Bus, Perovo 30, Kamnik, nam je poslalo ra\u010dun &scaron;t.12844-2013 v vi&scaron;ini 34, 16 EUR, za snemanje kartic in tahografa.\n<\/p>\n<p>\n\t&nbsp;\n<\/p>\n<ul>\n<li>\n\t\t<strong><u>Sklep &scaron;t. 02.6.2.<\/u><\/strong><strong> Blagajni\u010darka poravna ra\u010dun &scaron;t. 12844-2013 v vi&scaron;ini 34, 16 EUR, za snemanje kartic in tahografa.<\/strong>\n\t<\/li>\n<\/ul>\n<p style=\"margin-left: 46.35pt;\">\n\t&nbsp;\n<\/p>\n<p style=\"margin-left: 21.3pt;\">\n\t6.3 Prispel je ra\u010dun podjetja PETROL, SLOVENSKA ENERGETSKA DRU\u017dBA D.D., Dunajska 50, Ljubljana, &nbsp;&nbsp;&scaron;t.38052444 v vi&scaron;ini 160, 93 &nbsp;EUR za gorivo.\n<\/p>\n<p style=\"margin-left: 21.3pt;\">\n\t&nbsp;\n<\/p>\n<ul>\n<li>\n\t\t<strong><u>Sklep &scaron;t. 02.6.3. <\/u><\/strong><strong>Blagajni\u010darka poravna ra\u010dun&nbsp; &scaron;t.38052444 v vrednosti 160, 93 &nbsp;EUR, za gorivo.<\/strong>\n\t<\/li>\n<\/ul>\n<p style=\"margin-left: 36pt;\">\n\t&nbsp;\n<\/p>\n<p style=\"margin-left: 21.3pt;\">\n\t6.4. Prejeli smo ra\u010dun podjetja Enzo grafika Ale&scaron; Grm s.p., Miklo&scaron;i\u010deva 5, Dom\u017eale, &scaron;t.41 v vi&scaron;ini 15, 59 EUR, za popravilo plaket.\n<\/p>\n<p>\n\t&nbsp;\n<\/p>\n<ul>\n<li>\n\t\t<strong><u>Sklep &scaron;t. 02.6.4. <\/u><\/strong><strong>Blagajni\u010darka poravna ra\u010dun &scaron;t. 41 v vi&scaron;ini 15, 59 EUR, za popravilo plaket.<\/strong>\n\t<\/li>\n<\/ul>\n<p>\n\t&nbsp;\n<\/p>\n<p style=\"margin-left: 21.3pt;\">\n\t6.5. Prispela so vabila za ob\u010dne zbore od naslednjih dru&scaron;tev: PGD Dom\u017eale- Mesto, PGD Dob, PGD Jar&scaron;e-Rodica, PGD Radomlje, PGD Studenec in PGD Ihan. Vabila so bila posredovana delegatom, kateri so bili dolo\u010deni na seju UO v mesecu januraju in so se sej imenovanih dru&scaron;tev tudi udele\u017eili.\n<\/p>\n<p style=\"margin-left: 1cm;\">\n\t&nbsp;\n<\/p>\n<p style=\"margin-left: 21.3pt;\">\n\t6.6. Gasilska zveza Dom\u017eale nam je poslala datume ob\u010dnih zborov, dru&scaron;tev znotraj GZ Dom\u017eale.\n<\/p>\n<p>\n\t&nbsp;\n<\/p>\n<p>\n\t6.7. Gasilska zveza Dom\u017eale nam je poslala obvestilo o za\u010detku te\u010daja za vodjo enote. Prijavili smo 3 \u010dlane, GZ Dom\u017eale pa nam je postal tudi \u017ee urnik te\u010daja\n<\/p>\n<p>\n\t&nbsp;\n<\/p>\n<p style=\"margin-left: 21.3pt;\">\n\t&nbsp;6.8.Gasilska zveza Dom\u017ealenamje posredovala vabilo na seminar &ndash;Sestava zaklju\u010dnega ra\u010duna za leto 2013 in dav\u010dne novosti. Seminar je potekal v Izobra\u017eevalnem centru na Igu, v petek, 31.1.2014. &nbsp;Seminarja se je udele\u017eila na&scaron;a blagajni\u010darka Marija Medle.\n<\/p>\n<p>\n\t&nbsp;\n<\/p>\n<p style=\"margin-left: 21.3pt;\">\n\t6.9. Gasilska zveza Dom\u017eale nam je poslala razpis za te\u010daj vodenja velikih intervencij. Vabilo je bilo poslano ustreznim kandidatom na&scaron;ega dru&scaron;tva.\n<\/p>\n<p style=\"margin-left: 21.3pt;\">\n\t&nbsp;\n<\/p>\n<p style=\"margin-left: 21.3pt;\">\n\t6.10. Krajevna skupnost Toma Brejca Vir nam je poslala obvestilo, da moramo do 31.1.2014 oddati poro\u010dilo o porabi sredstev, ki nam jih je nakazala. Poro\u010dilo je pripravila predsednica Alenka Paternost Pirc in je bilo v roku oddano. Do 30.3.2014 pa moroamo oddati finan\u010den plan za leto 2014\n<\/p>\n<p>\n\t&nbsp;\n<\/p>\n<p>\n\t&nbsp;\n<\/p>\n<p>\n\t<strong>AD 7\/ PLAN DELA&nbsp; ZA MESEC&nbsp; FEBRUAR &nbsp;2014<\/strong>\n<\/p>\n<p>\n\t&nbsp;\n<\/p>\n<ol>\n<li value=\"7\">\n\t\tPoveljnik&nbsp; je pripravil plan dela za mesec Februar, ki ga je zaradi odsotnosti poveljnika prebral podpredsednik Miha Peterka. Testiranje pozivnikov&nbsp; in SMS sporo\u010dil bo potekalo&nbsp; enkrat mese\u010dno. Prav tako se izvaja osnovni te\u010daj za gasilca, po urniku, v planu ostaja prijava operativnih gasilcev na zdravni&scaron;ki pregled. Sprejme se sklep:\n\t<\/li>\n<\/ol>\n<p>\n\t&nbsp;\n<\/p>\n<ul>\n<li>\n\t\t<strong><u>Sklep &scaron;t.10.7. <\/u><\/strong><strong>Sprejme in potrdi se plan dela za mesec februar 2014<\/strong>\n\t<\/li>\n<\/ul>\n<p style=\"margin-left: 36pt;\">\n\t&nbsp;\n<\/p>\n<p style=\"margin-left: 21.3pt;\">\n\t&nbsp;\n<\/p>\n<p>\n\t<strong>AD 8\/&nbsp; PRIPRAVA NA 92. OB\u010cNI ZBOR <\/strong>\n<\/p>\n<p style=\"margin-left: 21.3pt;\">\n\tOb\u010dni zbor bo v soboto, 15.2.2014 v dvorani Delavskega doma Vir, ob 18.00 uri.\n<\/p>\n<p style=\"margin-left: 21.3pt;\">\n\tDvorana je \u017ee pred \u010dasom razerviral gospodar Marjan Furlan.\n<\/p>\n<p style=\"margin-left: 21.3pt;\">\n\tPriprava dvorane bo v soboto 15.2.2014 ob 10.00 uri zjutraj, kot vsako leto. Vodje skupin obvestijo \u010dlane o pripravni dvorane.\n<\/p>\n<p style=\"margin-left: 21.3pt;\">\n\tPrav tako se naro\u010di hrana in pija\u010da, za pogostitev ob koncu ob\u010dnega zbora.\n<\/p>\n<p style=\"margin-left: 21.3pt;\">\n\tVabila so bila posredovana po po&scaron;ti sosednijim dru&scaron;tvom in \u010dlanom dru&scaron;tva.\n<\/p>\n<p style=\"margin-left: 21.3pt;\">\n\tGasilska zveza Slovenije in Gasilska zveza Dom\u017eale, sta nam odobrili predloge za diploma, zahvale in napredovanja. Predsednica je nabavila potrebne diploma in zna\u010dke. V ekonomatu je treba na podlagi potrjenih vlog pridobiti zna\u010dke za dolgoletno delo.\n<\/p>\n<p style=\"margin-left: 21.3pt;\">\n\t&nbsp;\n<\/p>\n<p style=\"margin-left: 18pt;\">\n\t&nbsp;\n<\/p>\n<p>\n\t<strong>AD 9\/ OBRAVNAVA PLANA DELA PGD VIR ZA LETO 2014<\/strong>\n<\/p>\n<p>\n\t&nbsp;\n<\/p>\n<p style=\"margin-left: 21.3pt;\">\n\tPodpredsednik Miha Peterka je prebral plan dela. Podpredsednik je med drugim opozoril, da v plan &scaron;e ni vkju\u010dena mladinska komisija in komisija veteranov, saj plana nista oddali. Prednostna naloga je prodaja starega kamiona Tam GVC 16\/25 in obnova gasilskega dru&scaron;tva. Prav tako bo dru&scaron;tvo izpolnjevalo zahteve gasilske dru\u017ebe in se redno izobra\u017eevalo in bilo prisotno na gasilskih aktivnostih. Sprejet je bil sklep\n<\/p>\n<p style=\"margin-left: 21.3pt;\">\n\t&nbsp;\n<\/p>\n<ul>\n<li>\n\t\t<strong><u>Sklep &scaron;t.02.9.1.<\/u><\/strong><strong> Sprejme in potrdi se plan dela za leto 2014.<\/strong>\n\t<\/li>\n<\/ul>\n<p style=\"margin-left: 57.3pt;\">\n\t&nbsp;\n<\/p>\n<p style=\"margin-left: 57.3pt;\">\n\t&nbsp;\n<\/p>\n<p>\n\t&nbsp;\n<\/p>\n<p>\n\t<strong>AD 10\/OBRAVNAVA FINAN\u010cNEGA PLANA PGD VIR ZA LETO 2014<\/strong>\n<\/p>\n<p>\n\t&nbsp;\n<\/p>\n<p style=\"margin-left: 35.25pt;\">\n\tPodpredsednik Miha Peterka je prebral finan\u010den plan. Prednostna je prodaja kamiona Tam GVC 16\/25 in obnova dru&scaron;tva po finan\u010dnih zmo\u017enostih. Sprejet je bil sklep:\n<\/p>\n<p style=\"margin-left: 35.25pt;\">\n\t&nbsp;\n<\/p>\n<ul>\n<li>\n\t\t<strong><u>Sklep &scaron;t. 02.10.01<\/u><\/strong><strong> Sprejme in potrdi se finan\u010den plan za leto 2014<\/strong>\n\t<\/li>\n<\/ul>\n<p>\n\t&nbsp;\n<\/p>\n<p>\n\t<strong>AD 10\/ RAZNO<\/strong>\n<\/p>\n<p>\n\t&nbsp;\n<\/p>\n<p style=\"margin-left: 1cm;\">\n\t10.1. I&scaron;\u010dejo se kandidati, ki bi lahko prevzeli delo predsednika komisije za mladino. Prav tako se od aktualne predsednice zahteva pojasnilo zakaj dela ne mora redno in pravo\u010dasno opraviti, ter ob nezmo\u017enosti izbolj&scaron;anja svojega dela predlaga svojo razre&scaron;itev. Do nadaljnega bo del dela prevzel Alojz Limoni s pomo\u010dniki.\n<\/p>\n<p style=\"margin-left: 1cm;\">\n\t&nbsp;\n<\/p>\n<p style=\"margin-left: 1cm;\">\n\t&nbsp;\n<\/p>\n<p style=\"margin-left: 1cm;\">\n\t10.2. Prejeli smo ponudbo od podjetja Biotera za prevoz biolo&scaron;kih odpadkov.\n<\/p>\n<p style=\"margin-left: 1cm;\">\n\t&nbsp;\n<\/p>\n<p style=\"margin-left: 1cm;\">\n\t10.3. Prejeli smo tudi ponudbo Ansambla Poljan&scaron;ek za igranje na veselicah. Ob razpravi smo pri&scaron;li do ugotovitve, da bi raj&scaron;ni namesto veselice ponovili koncert, \u010de bi se se sestavila primerna ekipa, ki bi concert ustrezno izpeljala&nbsp;.\n<\/p>\n<p style=\"margin-left: 1cm;\">\n\t10.4. Prejeli smo tudi 5 izvodov revije Gasilec. Tajnik povpra&scaron;a, kako je z zman&scaron;anjem naro\u010dnine na 3 izvode.\n<\/p>\n<p>\n\t&nbsp;\n<\/p>\n<p>\n\t&nbsp;\n<\/p>\n<p>\n\tSeja je bila zaklju\u010dena ob 20.45 uri.\n<\/p>\n<p>\n\t&nbsp;\n<\/p>\n<p>\n\tZ gasilskim pozdravom\n<\/p>\n<p>\n\t&nbsp;\n<\/p>\n<p align=\"center\">\n\tNA POMO\u010c!\n<\/p>\n<p>\n\t&nbsp;\n<\/p>\n<p>\n\t&nbsp;\n<\/p>\n<p>\n\tTajnik PGD Vir&nbsp;&nbsp;&nbsp;&nbsp;&nbsp;&nbsp;&nbsp;&nbsp;&nbsp;&nbsp;&nbsp;&nbsp;&nbsp;&nbsp;&nbsp;&nbsp;&nbsp;&nbsp;&nbsp;&nbsp;&nbsp;&nbsp;&nbsp;&nbsp;&nbsp;&nbsp;&nbsp;&nbsp;&nbsp;&nbsp;&nbsp;&nbsp;&nbsp;&nbsp;&nbsp;&nbsp;&nbsp;&nbsp;&nbsp;&nbsp;&nbsp;&nbsp;&nbsp;&nbsp;&nbsp;&nbsp;&nbsp;&nbsp;&nbsp;&nbsp;&nbsp;&nbsp;&nbsp;&nbsp;&nbsp;&nbsp;&nbsp;&nbsp;&nbsp;&nbsp;&nbsp;&nbsp;&nbsp;&nbsp;&nbsp;&nbsp;&nbsp;&nbsp;&nbsp;&nbsp;&nbsp;&nbsp;&nbsp;&nbsp;&nbsp;&nbsp;&nbsp;&nbsp;&nbsp;&nbsp;&nbsp;&nbsp;&nbsp;&nbsp;&nbsp;&nbsp;&nbsp;&nbsp;&nbsp;&nbsp;&nbsp;&nbsp;&nbsp;&nbsp;&nbsp;&nbsp;&nbsp;&nbsp;&nbsp;&nbsp;&nbsp;&nbsp;&nbsp;&nbsp;&nbsp;&nbsp; Predsednica PGD Vir\n<\/p>\n<p>\n\t&nbsp;\n<\/p>\n<p>\n\t&Scaron;pela Hribar&nbsp;&nbsp;&nbsp;&nbsp;&nbsp;&nbsp;&nbsp;&nbsp;&nbsp;&nbsp;&nbsp;&nbsp;&nbsp;&nbsp;&nbsp;&nbsp;&nbsp;&nbsp;&nbsp;&nbsp;&nbsp;&nbsp;&nbsp;&nbsp;&nbsp;&nbsp;&nbsp;&nbsp;&nbsp;&nbsp;&nbsp;&nbsp;&nbsp;&nbsp;&nbsp;&nbsp;&nbsp;&nbsp;&nbsp;&nbsp; &nbsp;&nbsp;&nbsp;&nbsp;&nbsp;&nbsp;&nbsp;&nbsp;&nbsp;&nbsp;&nbsp;&nbsp;&nbsp;&nbsp;&nbsp;&nbsp;&nbsp;&nbsp;&nbsp;&nbsp;&nbsp;&nbsp;&nbsp;&nbsp;&nbsp;&nbsp;&nbsp;&nbsp;&nbsp;&nbsp;&nbsp;&nbsp;&nbsp;&nbsp;&nbsp;&nbsp;&nbsp;&nbsp;&nbsp;&nbsp;&nbsp;&nbsp;&nbsp;&nbsp;&nbsp;&nbsp;&nbsp;&nbsp;&nbsp;&nbsp;&nbsp;&nbsp;&nbsp;&nbsp;&nbsp;&nbsp;&nbsp;&nbsp;&nbsp;&nbsp;&nbsp;&nbsp;&nbsp;&nbsp;&nbsp;&nbsp;&nbsp;&nbsp;&nbsp;&nbsp;&nbsp;Alenka Paternost Pirc\n<\/p>\n<p>\n\t&nbsp;\n<\/p>\n<p>\n\t&nbsp;\n<\/p>\n<p>\n\tV vednost:\n<\/p>\n<p>\n\t1. Predsednik PGD Vir\n<\/p>\n<p>\n\t2. Poveljnik PGD Vir\n<\/p>\n<p>\n\t3. Blagajnik PGD Vir\n<\/p>\n<p>\n\t&nbsp;\n<\/p>\n<p>\n\tVlo\u017eiti:\n<\/p>\n<p>\n\t1. Arhiv PGD Vir\n<\/p>\n<p>\n\t&nbsp;\n<\/p>\n<div>\n\t&nbsp;<\/p>\n<p>\n\t\t&nbsp;\n\t<\/p>\n<p>\n\t\t&nbsp;\n\t<\/p>\n<p>\n\t\t&nbsp;\n\t<\/p>\n<p>\n\t\t&nbsp;\n\t<\/p>\n<p>\n\t\t&nbsp;\n\t<\/p>\n<p>\n\t\t&nbsp;\n\t<\/p>\n<hr align=\"left\" size=\"1\" width=\"33%\" \/>\n<div id=\"ftn1\">\n<p>\n\t\t\t&nbsp;\n\t\t<\/p>\n<p>\n\t\t\t&nbsp;\n\t\t<\/p>\n<p>\n\t\t\t&nbsp;\n\t\t<\/p>\n<p>\n\t\t\t&nbsp;\n\t\t<\/p>\n<p>\n\t\t\t&nbsp;\n\t\t<\/p>\n<p>\n\t\t\t&nbsp;\n\t\t<\/p>\n<p>\n\t\t\t&nbsp;\n\t\t<\/p>\n<\/p><\/div>\n<\/div>\n<div>\n<hr align=\"left\" size=\"1\" width=\"33%\" \/>\n<div>\n<div id=\"_com_1\" uage=\"JavaScript\">\n<p>\n\t\t\t\t&nbsp;\n\t\t\t<\/p>\n<p>\n\t\t\t\t&nbsp;\n\t\t\t<\/p>\n<p>\n\t\t\t\t&nbsp;\n\t\t\t<\/p>\n<p>\n\t\t\t\t&nbsp;\n\t\t\t<\/p>\n<p>\n\t\t\t\t&nbsp;\n\t\t\t<\/p>\n<p>\n\t\t\t\t&nbsp;\n\t\t\t<\/p>\n<p>\n\t\t\t\t&nbsp;\n\t\t\t<\/p>\n<\/p><\/div>\n<p>\n\t\t\t&nbsp;\n\t\t<\/p>\n<p>\n\t\t\t&nbsp;\n\t\t<\/p>\n<p>\n\t\t\t&nbsp;\n\t\t<\/p>\n<p>\n\t\t\t&nbsp;\n\t\t<\/p>\n<p>\n\t\t\t&nbsp;\n\t\t<\/p>\n<p>\n\t\t\t&nbsp;\n\t\t<\/p>\n<\/p><\/div>\n<\/div>\n","protected":false},"excerpt":{"rendered":"<p>PROSTOVOLJNO GASILSKO DRU&Scaron;TVO VIR Vir, &Scaron;aranovi\u010deva caste 19 1230 DOM\u017dALE &nbsp; &nbsp; ZAPISNIK &nbsp; 02.redne seje Upravnega odbora Prostovoljnega gasilskega dru&scaron;tva Vir, ki je bila 04.02.2014 ob 19.00 uri v sejni sobi PGD VIR, &Scaron;aranovi\u010deva cesta 19. &nbsp; NAVZO\u010cI: Alojz Limoni, &Scaron;pela Hribar, Marija Medle, Zvone &Scaron;karja (predsednik NO), Miha Peterka, Marjan Furlan, Marija Hribar, [&hellip;]<\/p>\n","protected":false},"author":4,"featured_media":0,"parent":85,"menu_order":0,"comment_status":"open","ping_status":"closed","template":"","meta":{"ngg_post_thumbnail":0},"post_mailing_queue_ids":[],"_links":{"self":[{"href":"http:\/\/www.gasilci-vir.si\/index.php?rest_route=\/wp\/v2\/pages\/2198"}],"collection":[{"href":"http:\/\/www.gasilci-vir.si\/index.php?rest_route=\/wp\/v2\/pages"}],"about":[{"href":"http:\/\/www.gasilci-vir.si\/index.php?rest_route=\/wp\/v2\/types\/page"}],"author":[{"embeddable":true,"href":"http:\/\/www.gasilci-vir.si\/index.php?rest_route=\/wp\/v2\/users\/4"}],"replies":[{"embeddable":true,"href":"http:\/\/www.gasilci-vir.si\/index.php?rest_route=%2Fwp%2Fv2%2Fcomments&post=2198"}],"version-history":[{"count":8,"href":"http:\/\/www.gasilci-vir.si\/index.php?rest_route=\/wp\/v2\/pages\/2198\/revisions"}],"predecessor-version":[{"id":2282,"href":"http:\/\/www.gasilci-vir.si\/index.php?rest_route=\/wp\/v2\/pages\/2198\/revisions\/2282"}],"up":[{"embeddable":true,"href":"http:\/\/www.gasilci-vir.si\/index.php?rest_route=\/wp\/v2\/pages\/85"}],"wp:attachment":[{"href":"http:\/\/www.gasilci-vir.si\/index.php?rest_route=%2Fwp%2Fv2%2Fmedia&parent=2198"}],"curies":[{"name":"wp","href":"https:\/\/api.w.org\/{rel}","templated":true}]}}