{"id":6,"date":"2013-04-19T18:45:19","date_gmt":"2013-04-19T16:45:19","guid":{"rendered":"http:\/\/www.gasilci-vir.si\/?page_id=6"},"modified":"2014-01-26T09:09:09","modified_gmt":"2014-01-26T07:09:09","slug":"o-nas","status":"publish","type":"page","link":"http:\/\/www.gasilci-vir.si\/?page_id=6","title":{"rendered":"Zgodovina"},"content":{"rendered":"<p>\n\tPrva pobuda za nastanek organiziranega gasilstva na Viru sega v drugo polovico 19. stoletja. Vir je leta 1863 prizadel katastrofalni po\u017ear, ki je uni\u010dil skoraj vso vas. Ta in &scaron;e drugi po\u017eari v okolici so dali povod tedanjemu \u017eupanu podre&scaron;ke ob\u010dine in po&scaron;tarju na Viru Vinku Janu&scaron;u, da je za\u010del razmi&scaron;ljati o ustanovitvi gasilskega dru&scaron;tva na Viru, ki pa se je premaknila 20. stoletje.\n<\/p>\n<p>\n\tLeta 1921 je zagorelo v strojnici, kotlarni in na \u017eagi Franca Majdi\u010da na Viru. Katastrofalni po\u017ear je bil osnova za pobudo Franca Majdi\u010da, da se na Viru ustanovi Gasilsko dru&scaron;tvo Vir. Prvi sestanek je bil pod Majdi\u010devo lipo, kjer so se dogovorili za ustanovni ob\u010dni zbor, ki je bil 11. junija 1922. Takoj so se oskrbeli s prevozno ro\u010dno brizgalno in gasilskim orodjem. Brizgalno in orodje so blagoslovili na ustanovni slovesnosti 20. avgusta 1922 na dvori&scaron;\u010du Krmpoti\u010deve kartona\u017ene tovarne na Viru. Hitro so stekle priprave za gradnjo gasilskega doma, ki je bil predan svojemu namenu 10. maja 1925. Zemlji&scaron;\u010de za novi dom je podaril takratni veliki dobrotnik virskih gasilcev Franc Majdi\u010d. Zaradi vse ve\u010djih zahtev po porabi gasilne vode so se odlo\u010dili kupiti motorno brizgalno pri Strojnih tovarnah in livarnah v Ljubljani. Brizgalno so blagoslovili in predali svojemu namenu 24. julija 1932, ko je dru&scaron;tvo praznovalo deset let uspe&scaron;nega delovanja.\n<\/p>\n<p>\n\tV tem letu so virski gasilci vklju\u010dili v svoje vrste tudi trinajst deklet. Na osnovi kraljevega zakona se je v letu 1933 dru&scaron;tvo preimenovalo v Prostovoljno gasilsko dru&scaron;tvo Vir. Ob praznovanju 15. letnice delovanja dru&scaron;tva so 11. julija 1937 razvili gasilski prapor ter izro\u010dili svojemu namenu nov vpre\u017eni voz in prevozni vitel za cevi.<br \/>\n\t\u017divahno je bilo tudi prosvetno in kulturno \u017eivljenje v dru&scaron;tvu. Uprizorili so precej dramskih del, imeli pa so tudi \u017eenski tambura&scaron;ki zbor. Med drugo svetovno vojno (1941 do 1945) so imeli virski gasilci redne vaje, dejavnost dru&scaron;tva pa je po\u010dasi usihala proti koncu vojne. &Scaron;tevilni \u010dlani so se borili proti okupatorju. Razvoj industrije na Viru in v okolici je narekoval potrebo po nakupu gasilskega avtomobila. Po zaslugi Hermana Breznika, ki je od Gasilske zveze Slovenije uspel pridobiti znatna sredstva, so virski gasilci leta 1951 kupili tovornjak Opel Blitz. Z veliko finan\u010dno podporo Vate Vir in Papirnice Koli\u010devo je dru&scaron;tvo v karoserijski delavnici na Viru tovornjak predelalo v tipiziran gasilski avto in ga predalo svojemu namenu 11. julija 1954. Leta 1961 je dru&scaron;tvo kupilo novo motorno brizgalno Sora v takratni vrednosti milijon dinarjev. Dru&scaron;tvo je moralo zbrati polovico vsote, ostalo pa je prispevala Ob\u010dinska gasilska zveza Dom\u017eale. Staro brizgalno ILO je dru&scaron;tvo predalo gasilcem na Vrhpolju pri Morav\u010dah.\n<\/p>\n<p>\n\tKonec &scaron;estdesetih let so imeli virski gasilci vedno ve\u010dje te\u017eave z voznostjo Opel Blitza. Ob veliki podpori krajanov, Ob\u010dinske gasilske zveze Dom\u017eale in podjetij iz okolice je dru&scaron;tvo v letu 1971 kupilo nov kombi IMV 1600 s tremi osmi in motorno brizgalno Rosenbauer 8\/8. Nov orodni avto in motorno brizgalno so gasilci slovesno predali svojemu namenu 16. julija 1972 ob 50. letnici delovanja dru&scaron;tva.<br \/>\n\tV sedemdesetih je stari gasilski dom postajal pretesen za hrambo sodobne opreme in redno dejavnost dru&scaron;tva. Sredi sedemdesetih let je dru&scaron;tvo pri\u010delo z aktivnostmi za gradnjo novega gasilskega doma. Krajevna skupnost Toma Brejca Vir je leta 1977 dru&scaron;tvu podarila zemlji&scaron;\u010de na ju\u017eni strani kulturnega doma na Viru. Zaradi pomanjkanja sredstev za gradnjo novega doma je dru&scaron;tvo v letu 1980 stari dom prodalo, ob koncu tega leta pa je preselilo vso opremo v napol izdelane gara\u017ee novega doma. S skromnimi sredstvi so gasilci uspeli opremiti gara\u017ei in orodjarno in jih slovesno predali svojemu namenu na prireditvi ob 60. letnici obstoja dru&scaron;tva 17. in 18. julija 1982. Na slovesnosti so od Samoupravne interesne skupnosti za varstvo pred po\u017earom Dom\u017eale prevzeli novo gasilsko avtocisterno TAM 130 T10. V uporabo so predali tudi pionirsko motorno brizgalno TOMOS s kapaciteto 300 litrov vode na minuto.\n<\/p>\n<p>\n\tDo julija 1982 so gasilci pri gasilskem domu opravili ve\u010d kot 7000 ur prostovoljnega dela. V tem \u010dasu je rast industrije in obrti na Viru narekovala potrebo po nakupu kombiniranega gasilskega vozila. Zahtevam \u010dasa je velikodu&scaron;no prisluhnila Samoupravna interesna skupnost za varstvo pred po\u017earom Dom\u017eale in virskim gasilcem dodelila zmogljivo kombinirano vozilo TAM 170 T14. Slovesna predaja vozila je bila 15. julija 1984, gasilsko cisterno pa so virski gasilci predali gasilcem iz Blagovice. V juniju 1991 je izbruhnila vojna za osamosvojitev Slovenije iz razpadajo\u010de Jugoslavije. Virski gasilci so pomagali mladi dr\u017eavi z logisti\u010dno podporo, za cestne barikade pa so dali na razpolago kombinirano vozilo, ki pa je ostalo nepo&scaron;kodovano. V letu 1994 je pre&scaron;lo dru\u017ebeno imetje PGD Vir v pravno last dru&scaron;tva. Naslednje leto so uredili prostore nad gara\u017eo in jih s 1. januarjem 1996 dali v najem Republiki Sloveniji za njene potrebe.<br \/>\n\tNajemnina prostorov predstavlja pomemben vir dohodkov dru&scaron;tva za nemoteno delovanje. V tem obdobju je zob \u010dasa \u017ee dodobra na\u010del orodno vozilo IMV 1600, dru&scaron;tvo je pri\u010delo zbirati denar za novo vozilo in v letu 1996 kupilo Peugeot Boxer 320 M\/DT. Polovico vsote za nakup vozila je prispevala Gasilska zveza Dom\u017eale, polovico pa dru&scaron;tvo. V tem letu je dru&scaron;tvo prejelo prvi pozivnik Swissphone DE 506, ki je naznanil pohod sodobne komunikacijske opreme v gasilstvo.\n<\/p>\n<p>\n\tV letu 1997 je dru&scaron;tvo kupilo prikolico in jo opremilo z motorno brizgalno Rosenbauer in pripadajo\u010do opremo. V tem leto je dru&scaron;tvo pri\u010delo z dolgoro\u010dnim na\u010drtnim izobra\u017eevanjem svojih \u010dlanov, ki traja &scaron;e danes. Gasilci se udele\u017eujejo te\u010dajev na ob\u010dinski in dr\u017eavni ravni.<br \/>\n\tNa prehodu v tretje tiso\u010dletje je imelo 52 gasilcev PGD Vir opravljen te\u010daj za gasilca in vi&scaron;je te\u010daje kar zagotavlja ustrezno usposobljenost pri ga&scaron;enju po\u017earov. Leta 2002 je dru&scaron;tvo slovesno proslavilo 80. letnico svojega obstoja. Obnovljeno vozilo GVC 16\/25 je dru&scaron;tvo predalo svojemu namenu na prireditvi 29. junija. Dne 26.09.2003 je bil sprejet sklep, da PGD ustanovi enoto bolni\u010darjev v okviru osrednje enote za prvo pomo\u010d CZ Ob\u010dine Dom\u017eale. Enota se redno izobra\u017euje in dopolnjuje z novimi \u010dlani.<br \/>\n\tV juniju 2010 je PGD Vir pridobilo novo gasilsko vozilo za prevoz mo&scaron;tva GVM-1 tipa Renault Master OV. Stari kombi Peugeot Boxer ni ustrezal ve\u010d predpisu o najve\u010dji starosti kakor tudi opremljenosti vozila za prevoz mladine. Med gasilci raste obetavni mladi rod, ki za prevoze na vaje, tekmovanja in prireditve potrebuje ustrezno vozilo. Nakup vozila sta v veliki meri podprli Ob\u010dina Dom\u017eale in Krajevna skupnost Toma Brejca Vir, del sredstev pa smo pridobili tudi od Ministrstva za obrambo in donacij krajanov. 26. novembra 2011 je bilo vozilo slovesno predano in blagoslovljeno.\n<\/p>\n<p>\n\tV mesecu septembru 2011 je bilo spro\u017eeno naro\u010dilo motorne brizgalne Rosenbauer Fox III pri zastopniku avstrijskega proizvajalca podjetju MiStar v Ljubljani. Brizgalna bomo slovesno predali namenu v letu 2012, ko dru&scaron;tvo praznuje 90. letnico obstoja.<br \/>\n\tPGD Vir ima smele na\u010drte tudi v bodo\u010de. V letih 2012 in 2013 planiramo zamenjavo starega kombiniranega vozila (tipizirano gasilsko vozilo GVC 16\/25). Nabava vozila je bila sprejeta v srednjero\u010dni plan nabave gasilskih vozil GZ Dom\u017eale 2011-2016. Pri nakupu novega vozila nam bo v veliki meri pomagala Ob\u010dina Dom\u017eale, del sredstev bomo prispevali sami, pri\u010dakujemo pa tudi pomo\u010d na&scaron;e krajevne skupnosti in krajanov.\n<\/p>\n<p>\n\t<a href=\"http:\/\/www.gasilci-vir.si\/wp-content\/uploads\/2014\/01\/zg1.jpg\"><img decoding=\"async\" loading=\"lazy\" alt=\"zg1\" class=\"alignnone size-medium wp-image-1988\" height=\"200\" src=\"http:\/\/www.gasilci-vir.si\/wp-content\/uploads\/2014\/01\/zg1-300x200.jpg\" width=\"300\" srcset=\"http:\/\/www.gasilci-vir.si\/wp-content\/uploads\/2014\/01\/zg1-300x200.jpg 300w, http:\/\/www.gasilci-vir.si\/wp-content\/uploads\/2014\/01\/zg1-1024x682.jpg 1024w, http:\/\/www.gasilci-vir.si\/wp-content\/uploads\/2014\/01\/zg1.jpg 1890w\" sizes=\"(max-width: 300px) 100vw, 300px\" \/><\/a>\n<\/p>\n<p>\n\t<a href=\"http:\/\/www.gasilci-vir.si\/wp-content\/uploads\/2014\/01\/zg2.jpg\"><img decoding=\"async\" loading=\"lazy\" alt=\"zg2\" class=\"alignnone size-medium wp-image-1989\" height=\"200\" src=\"http:\/\/www.gasilci-vir.si\/wp-content\/uploads\/2014\/01\/zg2-300x200.jpg\" width=\"300\" srcset=\"http:\/\/www.gasilci-vir.si\/wp-content\/uploads\/2014\/01\/zg2-300x200.jpg 300w, http:\/\/www.gasilci-vir.si\/wp-content\/uploads\/2014\/01\/zg2-1024x682.jpg 1024w, http:\/\/www.gasilci-vir.si\/wp-content\/uploads\/2014\/01\/zg2.jpg 1890w\" sizes=\"(max-width: 300px) 100vw, 300px\" \/><\/a>\n<\/p>\n<p>\n\t<a href=\"http:\/\/www.gasilci-vir.si\/wp-content\/uploads\/2014\/01\/zg3.jpg\"><img decoding=\"async\" loading=\"lazy\" alt=\"zg3\" class=\"alignnone size-medium wp-image-1990\" height=\"200\" src=\"http:\/\/www.gasilci-vir.si\/wp-content\/uploads\/2014\/01\/zg3-300x200.jpg\" width=\"300\" srcset=\"http:\/\/www.gasilci-vir.si\/wp-content\/uploads\/2014\/01\/zg3-300x200.jpg 300w, http:\/\/www.gasilci-vir.si\/wp-content\/uploads\/2014\/01\/zg3-1024x682.jpg 1024w, http:\/\/www.gasilci-vir.si\/wp-content\/uploads\/2014\/01\/zg3.jpg 1890w\" sizes=\"(max-width: 300px) 100vw, 300px\" \/><\/a>\n<\/p>\n<p>\n\t<a href=\"http:\/\/www.gasilci-vir.si\/wp-content\/uploads\/2014\/01\/zg4.jpg\"><img decoding=\"async\" loading=\"lazy\" alt=\"zg4\" class=\"alignnone size-medium wp-image-1991\" height=\"200\" src=\"http:\/\/www.gasilci-vir.si\/wp-content\/uploads\/2014\/01\/zg4-300x200.jpg\" width=\"300\" srcset=\"http:\/\/www.gasilci-vir.si\/wp-content\/uploads\/2014\/01\/zg4-300x200.jpg 300w, http:\/\/www.gasilci-vir.si\/wp-content\/uploads\/2014\/01\/zg4-1024x682.jpg 1024w, http:\/\/www.gasilci-vir.si\/wp-content\/uploads\/2014\/01\/zg4.jpg 1890w\" sizes=\"(max-width: 300px) 100vw, 300px\" \/><\/a>\n<\/p>\n<p>\n\t<a href=\"http:\/\/www.gasilci-vir.si\/wp-content\/uploads\/2014\/01\/zg5.jpg\"><img decoding=\"async\" loading=\"lazy\" alt=\"zg5\" class=\"alignnone size-medium wp-image-1992\" height=\"200\" src=\"http:\/\/www.gasilci-vir.si\/wp-content\/uploads\/2014\/01\/zg5-300x200.jpg\" width=\"300\" srcset=\"http:\/\/www.gasilci-vir.si\/wp-content\/uploads\/2014\/01\/zg5-300x200.jpg 300w, http:\/\/www.gasilci-vir.si\/wp-content\/uploads\/2014\/01\/zg5-1024x682.jpg 1024w, http:\/\/www.gasilci-vir.si\/wp-content\/uploads\/2014\/01\/zg5.jpg 1890w\" sizes=\"(max-width: 300px) 100vw, 300px\" \/><\/a>\n<\/p>\n<p>\n\t&nbsp;\n<\/p>\n<p>\n\t&nbsp;\n<\/p>\n<p>\n\t&nbsp;<\/p>\n","protected":false},"excerpt":{"rendered":"<p>Prva pobuda za nastanek organiziranega gasilstva na Viru sega v drugo polovico 19. stoletja. Vir je leta 1863 prizadel katastrofalni po\u017ear, ki je uni\u010dil skoraj vso vas. Ta in &scaron;e drugi po\u017eari v okolici so dali povod tedanjemu \u017eupanu podre&scaron;ke ob\u010dine in po&scaron;tarju na Viru Vinku Janu&scaron;u, da je za\u010del razmi&scaron;ljati o ustanovitvi gasilskega dru&scaron;tva [&hellip;]<\/p>\n","protected":false},"author":1,"featured_media":0,"parent":0,"menu_order":0,"comment_status":"open","ping_status":"closed","template":"template-nosidebar.php","meta":{"ngg_post_thumbnail":0},"post_mailing_queue_ids":[],"_links":{"self":[{"href":"http:\/\/www.gasilci-vir.si\/index.php?rest_route=\/wp\/v2\/pages\/6"}],"collection":[{"href":"http:\/\/www.gasilci-vir.si\/index.php?rest_route=\/wp\/v2\/pages"}],"about":[{"href":"http:\/\/www.gasilci-vir.si\/index.php?rest_route=\/wp\/v2\/types\/page"}],"author":[{"embeddable":true,"href":"http:\/\/www.gasilci-vir.si\/index.php?rest_route=\/wp\/v2\/users\/1"}],"replies":[{"embeddable":true,"href":"http:\/\/www.gasilci-vir.si\/index.php?rest_route=%2Fwp%2Fv2%2Fcomments&post=6"}],"version-history":[{"count":6,"href":"http:\/\/www.gasilci-vir.si\/index.php?rest_route=\/wp\/v2\/pages\/6\/revisions"}],"predecessor-version":[{"id":1084,"href":"http:\/\/www.gasilci-vir.si\/index.php?rest_route=\/wp\/v2\/pages\/6\/revisions\/1084"}],"wp:attachment":[{"href":"http:\/\/www.gasilci-vir.si\/index.php?rest_route=%2Fwp%2Fv2%2Fmedia&parent=6"}],"curies":[{"name":"wp","href":"https:\/\/api.w.org\/{rel}","templated":true}]}}